{"id":17,"date":"2020-03-04T20:30:03","date_gmt":"2020-03-04T20:30:03","guid":{"rendered":"http:\/\/neu.naturheilpraxis-fhain.de\/?page_id=17"},"modified":"2020-04-14T20:14:53","modified_gmt":"2020-04-14T20:14:53","slug":"home","status":"publish","type":"page","link":"https:\/\/naturheilpraxis-fhain.de\/","title":{"rendered":"Heilpraktiker Sebastian M\u00f6sing"},"content":{"rendered":"\n<figure class=\"wp-block-pullquote is-style-default\" style=\"border-color:#4c89bf\"><blockquote><p>HERZLICH WILLKOMMEN AUF MEINER HOMEPAGE<\/p><cite><br> Hier k\u00f6nnt ihr <strong><a href=\"https:\/\/naturheilpraxis-fhain.de\/?page_id=8\">Kontakt<\/a><\/strong> zu mir aufnehmen, etwas \u00fcber meine <strong><a href=\"https:\/\/naturheilpraxis-fhain.de\/?page_id=6\">Therapien<\/a><\/strong> erfahren und nat\u00fcrlich <strong>online Termine anfragen<\/strong>.<\/cite><\/blockquote><\/figure>\n\n\n<p><!-- Booking Widget Start --><br \/>\n<script>\nwindow.shoreBookingSettings = {\n themeColor: '#4c89bf',\n textColor: '#ffffff',\n text: 'Online Termin anfragen',\n company: 'naturheilpraxis-friedrichshain--2',\n locale: 'de',\n position: 'left',\n selectLocation: false,\n};\n<\/script><br \/>\n<script src=\"https:\/\/connect.shore.com\/widget\/booking.js\"><\/script><br \/>\n<!-- Booking Widget End --><\/p>\n\n\n\n<p><\/p>\n\n\n\n<p><\/p>\n","protected":false},"excerpt":{"rendered":"<p>HERZLICH WILLKOMMEN AUF MEINER HOMEPAGE Hier k\u00f6nnt ihr Kontakt zu mir aufnehmen, etwas \u00fcber meine Therapien erfahren und nat\u00fcrlich online Termine anfragen.<\/p>\n","protected":false},"author":1,"featured_media":0,"parent":0,"menu_order":0,"comment_status":"closed","ping_status":"closed","template":"","meta":[],"_links":{"self":[{"href":"https:\/\/naturheilpraxis-fhain.de\/index.php?rest_route=\/wp\/v2\/pages\/17"}],"collection":[{"href":"https:\/\/naturheilpraxis-fhain.de\/index.php?rest_route=\/wp\/v2\/pages"}],"about":[{"href":"https:\/\/naturheilpraxis-fhain.de\/index.php?rest_route=\/wp\/v2\/types\/page"}],"author":[{"embeddable":true,"href":"https:\/\/naturheilpraxis-fhain.de\/index.php?rest_route=\/wp\/v2\/users\/1"}],"replies":[{"embeddable":true,"href":"https:\/\/naturheilpraxis-fhain.de\/index.php?rest_route=%2Fwp%2Fv2%2Fcomments&post=17"}],"version-history":[{"count":33,"href":"https:\/\/naturheilpraxis-fhain.de\/index.php?rest_route=\/wp\/v2\/pages\/17\/revisions"}],"predecessor-version":[{"id":187,"href":"https:\/\/naturheilpraxis-fhain.de\/index.php?rest_route=\/wp\/v2\/pages\/17\/revisions\/187"}],"wp:attachment":[{"href":"https:\/\/naturheilpraxis-fhain.de\/index.php?rest_route=%2Fwp%2Fv2%2Fmedia&parent=17"}],"curies":[{"name":"wp","href":"https:\/\/api.w.org\/{rel}","templated":true}]}}